+ 134/6.
21
Suppose -3*q - 2 = -2*q. Let t(p) = -12*p**3 - p**2 - p - 2. Calculate the remainder when t(q) is divided by 31.
30
Let b(k) = 4*k**3 - 15*k**2 + 8*k + 5. Let h(l) = 3*l**3 - 15*l**2 + 7*l + 4. Let f(w) = 2*b(w) - 3*h(w). What is the remainder when f(4) is divided by 39?
37
Let k be 124/32 + 3/24. Suppose -2*j = -k - 2. Suppose w = -j*c + 50, -6*w + 4*w + 4*c = -80. Calculate the remainder when w is divided by 15.
14
Calculate the remainder when 607 is divided by (-32)/6*1596/(-112).
75
Let l = 559 - 544. What is the remainder when 29 is divided by l?
14
Suppose -p - 98 + 151 = 0. Suppose -6*a = -2*a - 56. What is the remainder when p is divided by a?
11
Let i = 54 - 30. Calculate the remainder when 116 is divided by (-3*(-10)/i)/((-4)/(-48)).
11
Let d(y) = -2*y**3 - 17*y**2 - 14*y - 6. Calculate the remainder when 108 is divided by d(-8).
24
Let u = -33172 + 33366. Suppose -c = c - 56. What is the remainder when u is divided by c?
26
Let o = -710 + 726. Calculate the remainder when o is divided by 7.
2
Let f(q) = q**2 + 6*q + 7. Let k be (-1)/4 - 46/8. Suppose 30*j - 12 = 26*j. Calculate the remainder when f(k) is divided by j.
1
Let g = -23 - -13. Let b(u) = u**2 + 10*u - 2. Let k be b(g). Let v = 1 - k. What is the remainder when 7 is divided by v?
1
Let o = -27 - -30. Suppose 4*b - 128 = -o*k, -2*k = 8*b - 3*b - 97. What is the remainder when 107 is divided by k?
35
Let i(m) = m**3 - 24*m**2 + 47*m + 26. Calculate the remainder when i(22) is divided by 3.
2
What is the remainder when 74 is divided by 11/(55/(-10))*25/(-2)?
24
Suppose -215*o = -155*o - 1740. Let r(j) = -j**3 - 8*j**2 - 9*j - 8. Suppose 2*d - d + 7 = 0. What is the remainder when o is divided by r(d)?
5
Let f(l) = 10*l**2 + l - 2. Let w be f(-3). Suppose 6*k - k = w. Let v(p) = p + 19. Calculate the remainder when k is divided by v(-9).
7
Let m = -6 + 2. Suppose 3*t + 2 - 5 = -5*c, 5*t + 5*c - 5 = 0. Calculate the remainder when 18 is divided by t + m - (-13)/1.
8
Suppose q + 3*d = -d + 147, 4*d + 330 = 2*q. Calculate the remainder when q is divided by 54.
51
Let j = -94 - -70. Calculate the remainder when 74 is divided by (-160)/j*18/8.
14
Suppose 63 = -5*p + 113. What is the remainder when 100 is divided by p?
0
Suppose -14*c + 19*c - 4*p = 32, -4*c - 4*p = -40. What is the remainder when 26 is divided by c?
2
Let p = 4299 + -4296. What is the remainder when 0 + 1 - (-4 - -1) is divided by p?
1
Let j be (-47)/(-9) + 4/(-18). Let f be (4/10)/(1/j). Suppose -3*q = -f*q - 17. Calculate the remainder when 48 is divided by q.
14
Suppose 0 = 3*r - 4*f - 1135, -5*r + 3*r + 750 = 4*f. Calculate the remainder when r is divided by 27.
26
Let h(j) = -j**3 - 5*j**2 + 25*j + 26. What is the remainder when 36 is divided by h(-8)?
0
Let s(h) = -h**3 - 3*h**2 + 4*h + 5. Calculate the remainder when s(-5) is divided by 10/(-20)*(-4 - -6) - 57/(-3).
17
Suppose -4*t + 58 = -3*j - 0, -82 = -5*t - j. What is the remainder when 188 is divided by t?
12
Suppose -5*c = -j - 7*c + 158, 4*c = j - 176. What is the remainder when j is divided by 33?
32
Suppose -3*h + 5 = -4. Let t = 20 + -5. Let k = t + -8. Calculate the remainder when k is divided by h.
1
Let a(l) = l**2 - 4*l - 47. Calculate the remainder when a(10) is divided by 12*3/18*4.
5
Suppose -4*s + 28 - 6 = -2*m, 5 = 2*s + m. What is the remainder when 234 is divided by s?
2
Suppose 0 = 2*s + 4*y - 12, -3*s + 2*s = 5*y - 15. Suppose 0 = -s*q + 4*q - 32. What is the remainder when 34 + 6/12*-10 is divided by q?
5
Let l = 24 - 30. Let b be (-62)/6 - (-4)/l. Let t = 17 + b. Calculate the remainder when 21 is divided by t.
3
Suppose 0 = -26*y + 4*y + 880. Calculate the remainder when 917 is divided by y.
37
Let z = -117 - -135. Calculate the remainder when 124 is divided by ((-4)/6)/(-2) + 768/z.
38
Let u(g) be the third derivative of -g**4/8 + 9*g**3/2 + 7*g**2. Calculate the remainder when 71 is divided by u(5).
11
Let z = 5 - -8. Suppose -3*t + 8*t - z = 2*h, 2*t = 3*h + 3. Suppose 4*l - 6 = 2*l. What is the remainder when l is divided by t?
0
Let x be (4*6/(-48))/(1/4). What is the remainder when 91 is divided by 45*(-1)/x + (-2)/(-4)?
22
Suppose 20*c - 102 = 318. Let b = -67 + 150. Calculate the remainder when b is divided by c.
20
Let x = 78 - 73. Suppose -3*s = -3 - 3. Suppose -t + s*p = -30, -4*t + p + 72 = x*p. Calculate the remainder when 87 is divided by t.
21
Let w(v) = 2*v + 25. Let h be w(-6). Let q = h + 13. Calculate the remainder when q is divided by 9.
8
Suppose 3*v = 5*z - 178, -7*z + 66 = -5*z + 4*v. Calculate the remainder when z is divided by 8.
3
Suppose -6 - 137 = -13*i. What is the remainder when 174 is divided by i?
9
Suppose 2*c = 3*c. Suppose c = 4*y - 13 + 5. What is the remainder when y/(-3)*(-1 - 8) is divided by 3?
0
What is the remainder when (29 + -27)/(4/226) is divided by 23?
21
Let a(u) = u**3 - 9*u**2 + 19*u + 11. Let k be a(5). Suppose -9*h - k = -51. Let m(p) = -3*p - 7. What is the remainder when m(-6) is divided by h?
1
Let x(b) = -6 - b - 2*b**2 + 1 + 5*b**2. Suppose -42*k - 2*z = -37*k - 32, 20 = -5*z. Calculate the remainder when x(4) is divided by k.
7
Let u(c) = c**2 + 17*c + 1. What is the remainder when u(-19) is divided by 3*(3 - 33/(-9))?
19
Let q = 592 - 331. Calculate the remainder when q is divided by 33.
30
Suppose 47 = 4*k - 2*h - 71, 5*k + h = 144. Let r = -91 - -233. Calculate the remainder when r is divided by k.
26
Let r = -27 + 35. Suppose 0*s - p + 89 = -3*s, -2*s - 55 = -5*p. Calculate the remainder when -1 - s/(-3)*-3 is divided by r.
5
Let y = 274 - 243. Calculate the remainder when 145 is divided by y.
21
Suppose 5*k = -0*k - 2*q + 74, -k + 25 = -3*q. Suppose -18*m + k*m = -54. Calculate the remainder when 80 is divided by m.
26
Let a(b) = 24*b**2 + 4*b + 11. Let n(q) = 12*q**2 + 2*q + 5. Let w(o) = -4*a(o) + 9*n(o). What is the remainder when 43 is divided by w(-1)?
10
Suppose 5*l - 10 + 0 = 0. Suppose -2*s + 10 = -0*s. What is the remainder when l/s - 288/(-5) is divided by 30?
28
Let c = 1704 - 1489. What is the remainder when 222 is divided by c?
7
Let z(p) = -p**3 + 5*p**2 + p - 3. Let s = -8523 + 8605. What is the remainder when s is divided by z(4)?
14
Let d be 3/5 + (-22)/(-55). Let g be (34/85)/(d/30). Suppose 0 = k - 3*w - g, -3*k + 3*w + 60 = -0*w. What is the remainder when k is divided by 9?
6
Let p(b) = 7*b - 11. Let s be p(-8). Let f = s + 95. Calculate the remainder when 81 is divided by f.
25
Let m(i) = -i**3 + 3*i**2. Let a be m(3). Let s = 1773 + -1769. Suppose s*b + a - 248 = 0. What is the remainder when b is divided by 16?
14
Suppose -121*x + 129*x = 544. What is the remainder when 206 is divided by x?
2
Let a(h) = -h**3 - 3*h**2 + 4*h + 13. What is the remainder when 257 is divided by a(-5)?
42
Let x be 136/6 + 4/(-6). Suppose 0 = -2*a + 2*h - 26 + 152, 3*a - 185 = 5*h. Calculate the remainder when a is divided by (-3)/((-6)/x)*2.
21
Let q = -1 + 13. Let d = -15 - -15. Suppose d = 5*t - 80 - 30. Calculate the remainder when t is divided by q.
10
Let g(p) = 3*p - 5. Calculate the remainder when (414/(-483))/(3/(-98)) is divided by g(5).
8
Suppose 0 = -2*j - 0*j, 24 = -2*g - j. Calculate the remainder when 30 is divided by (-2)/g + (-2850)/(-180).
14
Let t = -863 + 1267. Calculate the remainder when t is divided by 37.
34
Let z(y) = 24*y**2 + 2*y - 1. Calculate the remainder when z(1) is divided by ((-13)/2)/((-1)/2).
12
Suppose -207 + 651 = -5*l + n, -428 = 5*l + 3*n. Let q = -34 - l. Calculate the remainder when q is divided by 12.
6
Let v = 31 - -3. Suppose 1 = 7*c - v. Suppose c*t = 4*f - 69 - 20, -3*t + 113 = 4*f. Calculate the remainder when 51 is divided by f.
25
Let d(r) be the second derivative of 19*r**5/20 - r**4/6 + r**3/3 - r**2/2 + 5*r. Let z(t) = -5*t. Calculate the remainder when d(1) is divided by z(-1).
3
Let b = -1380 - -1403. What is the remainder when 65 is divided by b?
19
Suppose -97*p = -100*p + 54. What is the remainder when (2 + (-5)/3)*p is divided by 2?
0
Suppose 5*r - 17 = -2*u, -3 = 44*r - 41*r. What is the remainder when 30 is divided by u?
8
Let t = 36 - 68. Let y = t - -21. Let x(g) = -3*g + 16. Calculate the remainder when x(y) is divided by 25.
24
Let m(i) be the third derivative of i**6/120 + 17*i**5/60 + 7